ose v = -29*c - 167. Let d(s) = s**3 + 8*s**2 + 5*s. Determine d(c).
42
Let q(z) = z - 6. Let y(r) = 3*r + 26. Let n be y(-7). Suppose 0 = -n*p + 5*t + 5, -3*p = t - 0*t - 11. Calculate q(p).
-3
Suppose -6*g - g = -3*g. Let l(p) = 3*p + 4*p**2 + 1 - 3*p**2 + g + 4. What is l(-4)?
9
Let n(q) = 37*q - 6. Let l(f) = -f**2 - 52*f + 6. Let h(i) = 2*l(i) + 3*n(i). Give h(6).
-36
Let s be 2*-1*(-20)/(-360)*27. Let g(a) be the first derivative of 1/3*a**3 + 2*a**2 + 3*a + 1. Determine g(s).
0
Let a(q) = q**2 - 2*q - 20. Let g be a(9). Suppose p - 46 = -g. Let i be p + (-4)/1 + -1. Let x(z) = z**3 + z - 1. Calculate x(i).
-11
Let l(z) = -6*z + 8. Let n = 382 - 397. Let t be (n - -11)*2/(8/(-6)). Calculate l(t).
-28
Suppose 5*v + 110 = b, 4*v - 7*v - 66 = -13*b. Let k(c) = -15*c - 326. Calculate k(v).
4
Let y(k) be the first derivative of k**3/3 - 9*k**2/2 - 37*k + 6634. Determine y(12).
-1
Let j(k) = k**3 + k**2 + k + 9. Suppose 6*q - 10*q = 0. Suppose t + 0*r = -4*r, -2*t + 4*r = q. What is j(t)?
9
Let c(w) = -220*w - 139. Let x(v) = 31*v + 20. Let n(s) = 4*c(s) + 29*x(s). Give n(-2).
-14
Let h(r) = -r**3 + 138*r**2 - 2648*r + 348. Let x be h(115). Let q(g) = -3 - 1 - g + 3*g. Calculate q(x).
2
Let l = -91372 - -91366. Let k(q) = -9 - 6*q - 3*q - 2*q**2 - 5*q. Calculate k(l).
3
Let c(y) = -y**3 - 5*y**2 - 7*y - 5. Let n be (-33)/(-22) + (0 - -2)/4. Let x(v) = 6 + 6 + v**n - 11 - 5*v. Let p be x(2). What is c(p)?
30
Suppose -11 = -3*k + 5*q, -2*k - 4*q + 12 = -5*q. Let h be 3/2*(-24)/(-9). Suppose -1 - k = h*f. Let s(x) = 4*x**2 + 2*x + 1. What is s(f)?
13
Let o(a) = 4 - a**2 - 29 + 5*a + 14 - 33*a. What is o(-28)?
-11
Suppose 2*l = l - r, 2*l + 3 = -3*r. Let q(y) = y**2 + 0*y**2 + l*y - 5 + 0*y**2 + 0. Suppose 13*s + 70 = 5. What is q(s)?
5
Let g be 440 - (-5)/(4 + -9). Let u = g + -433. Let x(z) = -z**3 + 7*z**2 - 7*z - 3. What is x(u)?
-9
Let i(q) = q + 22. Suppose 2*n - 5*m = 71, 2*m = n - 26 - 5. Give i(n).
35
Let l(s) = 1225*s + 2. Let k(x) = -1072*x - 1. Let n(m) = 8*k(m) + 7*l(m). Suppose h - 16 = -d - 2*d, -d - h + 2 = 0. Calculate n(d).
-1
Let w(i) = -i + 3*i + 1 - i. Let z(v) = 2*v**2 + 11*v - 6. Let q be z(-6). Let l be q/(-5*(-7)/(-35)). Calculate w(l).
1
Let t(y) be the third derivative of -7*y**6/120 - y**5/15 + y**4/12 - y**3/2 - 175*y**2. Let b(j) = -j**3. Let l(f) = -6*b(f) + t(f). Determine l(-5).
12
Let p(d) = 10*d + 7. Let n(t) = 7*t + 5. Let l(i) = -7*n(i) + 5*p(i). Let m be 2*(0 + 3 - -11). Suppose k + 0*s + 12 = 5*s, -m = -4*k + s. Calculate l(k).
8
Let d(x) = 5*x - 81. Suppose 52*c + 127*c - 626 - 1880 = 0. Determine d(c).
-11
Let n(l) = 138 - 69*l - 124 + 2*l**2 + 0*l**2 + 31*l + 55*l. Determine n(-9).
23
Let s(h) be the second derivative of 3/8*h**4 + 0 - 1/60*h**5 + 11/2*h**2 - 11*h - 5/3*h**3. Let z(g) be the first derivative of s(g). Determine z(7).
4
Let v = 22648 - 22667. Let j(y) = 10*y + 157. Give j(v).
-33
Let y be 26/(-2) + 1932/144. Let n(i) be the second derivative of -1/20*i**5 + y*i**4 + 7/6*i**3 - 29*i + 0*i**2 + 0. Give n(6).
6
Let u(d) = -d**3 + 6*d**2 - d + 5. Let s(x) = x**3 - 25*x**2 + 126*x + 6. Let g be s(7). What is u(g)?
-1
Let g be ((-4)/(-12) + -2)*3. Let w = g + 11. Suppose 5*k = 4*v - 11 - w, -5*v = -2*k. Let j(n) = n**3 + 4*n**2 + 2*n - 2. Give j(v).
2
Let s(m) be the third derivative of -m**5/60 - m**4/24 - m**3/6 - 507*m**2. Let i be (30/(-105))/((-2)/14). Determine s(i).
-7
Let a(b) = -b**3 + 8*b**2 - 6*b - 10. Let m be (-3 + 5/2)/(12/(-1344)). Suppose 11*o - 3*o - m = 0. Calculate a(o).
-3
Let v(b) = -6*b - 43. Let z = 1905 + -1913. Calculate v(z).
5
Let q be 708/(-36) + 13 - 4/(-6). Let s(n) = -n**3 - 2*n**2 + 25*n + 5. Determine s(q).
-1
Let m(c) = -11 - 15 - 24 + 69 - 16 - 4*c. What is m(9)?
-33
Let t(z) = -z**2 + 0*z**3 - 4*z**3 + z**3. Let r = 73 + -7. Suppose -64 = -2*n - r. Give t(n).
2
Let o(c) = -c**3 + 9*c**2 + 3*c + 2. Let t(m) be the first derivative of m**4/4 - 8*m**3/3 - m**2/2 - m - 61. Let n(x) = 3*o(x) + 4*t(x). Give n(4).
6
Let w(n) = 2*n. Let p(c) = 3*c**2 - c - 2. Let l be p(-1). Let f(g) = -4*g + 4 + 3*g**3 - 4*g**3 - 3*g + 9*g + 3*g**l. Let x be f(4). Calculate w(x).
-8
Let s(k) = 2*k + 7. Let f(r) = -r - 4. Let z(y) = -7*f(y) - 3*s(y). Let a = -1399 - -1396. Calculate z(a).
4
Suppose 0 = 2*v + 124 - 126. Let t(g) = 3 + g**3 + 25*g - v - 14*g**2 - 13*g + 5. Suppose 0 = -4*a - u + 47, a - 4*a + 5*u = -64. Calculate t(a).
-6
Let w(t) be the first derivative of t**5/10 + t**4/3 + t**3/6 + t**2 + 42*t + 27. Let i(h) be the first derivative of w(h). What is i(-3)?
-19
Let c(g) = -71 + 40 - 157*g - 143*g + 294*g - 158 + g**2. What is c(17)?
-2
Let n be 2/12*-316*6/(-2). Let g = n - 155. Let v(c) = 4*c + 0 - c**2 - 2 - c. Determine v(g).
-2
Let x(s) = -2*s**2 + 1. Let m be (2 + 52/(-8))/((-6)/8). Let g be (m/(-15))/(6/(-45)). Suppose -4*o - 2 = g*t, 5*t + o - 5*o + 14 = 0. Calculate x(t).
-7
Let h(f) be the third derivative of f**5/60 + 11*f**4/24 + 5*f**3/2 - 1237*f**2. Let o be (-3)/((-6)/4) + -12. Determine h(o).
5
Let i = -11 + 17. Suppose -2*x - 3*v = -1 - 21, -33 = -3*x + 2*v. Let n(t) = -2 - 7 - 9*t - x*t + 22*t. Give n(i).
3
Let o(q) = 4*q + 2. Let s be ((-378)/(-135))/((-1)/95). Let c = s - -264. Calculate o(c).
-6
Suppose 3*z - 35 = 4*h, -4*z + 10 = -3*h - 25. Let o = -547 + 557. Let w(x) = o - 11*x + x + 6*x - 8 + 5*x. Determine w(h).
-3
Let s(p) = 0*p**3 - 61*p - 10 + 3 + p**3 + 57*p + 4*p**2. Calculate s(-2).
9
Let s = -39074 - -39068. Let u(m) = -m + 1. Let l(r) = r**3 + 4*r**2 - 7*r + 9. Let b(y) = l(y) - u(y). Determine b(s).
-28
Suppose 0 = -4*l - 2*z + 22, 4*l = -0*l + 3*z + 27. Let f(x) be the second derivative of x**5/20 - 5*x**4/12 - x**3/2 - 7*x**2/2 - 618*x. Give f(l).
11
Let s(c) = 3*c**3 + 9*c**2 + 8*c + 7. Let i(g) = -g**3 - g - 2. Let z(x) = -2*i(x) - s(x). Determine z(-8).
-19
Let c(m) = -m**2 - 8. Let x(q) be the second derivative of 2*q**3 - 60*q**2 - q + 66. Let p be x(10). What is c(p)?
-8
Let j = -25264 - -25252. Let u(p) = -p**2 - 22*p - 111. Calculate u(j).
9
Let w = 19957 - 19951. Let d(u) = -2*u**3 + 9*u**2 + 14*u - 4. Determine d(w).
-28
Let o(a) be the third derivative of -5/2*a**3 + 0 + 4*a**2 + 1/24*a**4 - 17*a. Give o(12).
-3
Let s(n) = 8*n**2 + 330*n**3 - 5*n**2 - 162*n**3 - 167*n**3 + 10. Give s(-3).
10
Let m(i) = i**2 + 24*i + 3. Let q be m(-24). Let p(u) = u**q + 16*u**2 - u**2 + 3*u + 250 - 4*u - 257. Determine p(-15).
8
Let u(o) = o**3 + 4*o**2 - 6*o + 3. Suppose 0 = 16*n - 15 - 17. Suppose n*y - 15 = y + 5*f, 3*f = -y - 17. Give u(y).
8
Let z be 16/3 + 4/6. Suppose -x + 3*x = -z. Let g(d) = -2*d - 1. Let n(m) = 2*m**2 + 13*m + 4. Let h(u) = -6*g(u) - n(u). Give h(x).
-13
Suppose -278*x = -287*x - 63. Let v(u) = 2*u + 41 - 3*u - 50. Calculate v(x).
-2
Let h(j) = 13*j - 18. Suppose -137 = -3*g - d - 130, 2*g + d - 6 = 0. Calculate h(g).
-5
Let t be ((-4)/5)/((-7)/(-280)*4). Let d(w) = -3 - 9*w + 2*w**2 - 3*w**2 - 3. Calculate d(t).
2
Let a(t) = -294 + 144 - 56 - 65 + 55*t. What is a(5)?
4
Let w(g) = g**3 + 15*g**2 + 15148 - 15162 + 4*g + 32*g. Calculate w(-12).
-14
Suppose 2*l = 4*h + 14, h + l + 3 = -5. Let y(k) be the second derivative of -1/6*k**3 - k - 39 - 1/2*k**2. What is y(h)?
4
Let m be (0 + 4)*-1 - -14. Let k(i) = 259*i - 126*i + m - 134*i. Determine k(12).
-2
Let w(m) be the second derivative of -m**4/6 + 7*m**3/3 + 3*m**2/2 - m + 65. Calculate w(7).
3
Let r(x) = 3*x + 7. Suppose 3*y + v = -12, -4*y + v - 3 = -2*v. Let j(a) = 4*a + 7. Let w(s) = y*r(s) + 2*j(s). Let k = -12680 - -12670. What is w(k)?
3
Let c(n) = n - 9. Let m(j) = -4*j + 77. Let y(l) = -45*c(l) - 5*m(l). Give y(2).
-30
Let j(d) = 3*d**3 - 4*d**2 + 2*d + 2. Let m = -351 - -348. Let r be (-2)/(m - -1)*2. Give j(r).
14
Let b(j) = -j**2 - 9*j + 85. Let n = 3240 + -3254. What is b(n)?
15
Let g(y) be the second derivative of y**3/6 + 15*y**2 - 14*y - 1. Let f be g(-24). Let u(v) = -v + 4. Determine u(f).
-2
Let q(x) be the third derivative of -x**6/120 + x**5/12 + x**4/12 - 2*x**3/3 - 3*x**2 + 31. Calculate q(5).
6
Let p(x) be the first derivative of -x**3/6 - x**2/2 - 235*x - 96. Let z(l) be the first derivative of p(l). Let s = 2 - 11. What is z(s)?
8
Let l be -7 - 95/57*(-9)/6*2. Let o(i) = 2*i**2 + 6*i + 16. Give o(l).
12
Let i(f) = -1542*f**2 - f + f**